
Evaluate (2 - 0) + (7 - 70 - -12) + -10 - -9.
-50
Calculate (-2 + 10 - 33) + 7 + 3 + -10.
-25
(1 - -4) + -1707 + 1819
117
-56 + 3 - (21 + -118)
44
Evaluate -162 + (0 + -61 - -214).
-9
Calculate (-18 - (-43 - 4)) + -26 + 31.
34
What is the value of 0 + -13 - -4 - (-129 + 121)?
-1
Calculate 10 + -17 + 26 + -15 + -11.
-7
Calculate 63 - 46 - -14 - (13 + -3) - 99.
-78
-3455 + 3446 + -1 + 65
55
-1 + (4 - 6) - (3 + -14 + 18) - 15
-25
What is the value of (13 - 25) + 4 + (11 - 7) + -3?
-7
176 - (12 - -65) - 108
-9
What is the value of 34 + (13 - -22) + -24 + -3 + 0 + 13?
55
Calculate 1 + (9 - 4) + -5 + 0 + 39.
40
What is the value of 58 + -37 + 42 + -26?
37
-25 + -28 + 41 - -41 - 21
8
Calculate 24 + 0 + (-56 - -51).
19
54 + (-1 - 24) + -134 + 159
54
What is the value of -5 - (-1 - (-10 + 12 + 0 + -6 + -5))?
-13
-153 - (-14 + -43 + -24)
-72
Evaluate 3 + -1 + -2 - (6 - (41 + -84)).
-49
Calculate (-61 - (-36 + 3)) + 72.
44
What is the value of -2 - ((-3 - -4) + (-24 - 11) + -19)?
51
9 - -2 - (82 - (0 - (20 - 25)))
-66
What is 63 - (75 - (7 - -13))?
8
What is the value of 106 + (-389 - -70) + 111?
-102
Evaluate 10 + (16 + (-16 - -10) - (2 + -1)) + 17.
36
What is the value of (-32 - -23 - -26) + 4 + -71?
-50
-22 - (-3 + 17 + (-23 - -8) + -17)
-4
What is (36 - (29 - -8)) + (4 - 4)?
-1
Calculate -19 - (-21 - -8) - (-12 + -61).
67
(-60 - -19) + 24 - -6 - 16
-27
What is (6 - 26 - -5) + 9 + -20 + -4?
-30
What is the value of (-12 + -4 - -31 - 8) + 24?
31
-15 - ((12 + 33 - 36) + (-86 - 2))
64
Calculate 63 + 77 - -49 - 46.
143
Evaluate (-61 + 22 - 8) + -5 + 1.
-51
What is (0 - 2 - -16) + (-23 - (-50 + 33)) - 47?
-39
Calculate (33 - -1 - (15 - -11)) + -66.
-58
Evaluate 22 - (-58 - (-61 - -25)).
44
Evaluate 32 + -5 - (-22 + 27).
22
Calculate -3089 + 3077 - (-5 + (105 - 5)).
-107
Calculate (5 - -10) + (42 - (81 - 70)).
46
Evaluate -380 - -296 - (3 + 9 - 22).
-74
Evaluate (47 - (39 - 25)) + -57.
-24
What is the value of -115 - -173 - (1 + 3 + -33)?
87
What is the value of (-32 - -39) + -15 + -5 + 10 + 3?
0
-23 - (-10 - ((-3 - 4) + -3)) - -8 - -10
-5
7 + -4 + -53 + (-136 - -144) + 1
-41
Calculate 96 - 0 - (44 - (55 + -41)).
66
What is (8 + 1 - -59) + -58?
10
Evaluate 4 + -72 + (22 - 7) + 0 + 6.
-47
Evaluate 91 - (76 + -111 + (8 - -24)).
94
What is the value of -7 + 1 + 2 + -5 + 3 - (11488 + -11369)?
-125
What is the value of (1505 - 1490) + 10 + -2 + 3?
26
Calculate 6 + (1 - 0) - (-27 + 4 + (14 - 22)).
38
Evaluate 4332 - 4271 - (15 - -2).
44
What is 83 - (-1 + 15 + -12 + 5 + 6)?
70
What is the value of -30 + (16 - -22) - (2 - 4)?
10
What is -8 + (-12 - ((225 - 223) + -12 + (2 - 2)))?
-10
Evaluate 54 + (-52 - 33) + (8 - 0) - 12.
-35
Calculate 324 + -344 - ((9 - 2) + -7).
-20
What is (-6 - (-11 - -4)) + (-63 - -67)?
5
Calculate (-6 - 41) + 110 - 81.
-18
What is the value of -5 + 5 + (14 - 17 - (4 + -1 + 10))?
-16
Evaluate -12 - -10 - (12 + -31) - -62.
79
-10 + 26 + 6 - ((-4 - 1) + -4)
31
Calculate 4 + 2 - (7 + -5 - -34 - -27).
-57
What is 450 + -90 + -393 + 1 + -1 + -3?
-36
What is (-4887 - -4860) + (1 - -1)?
-25
(-19 - 0) + (-25 - -18) + 45 + -137
-118
What is the value of (0 - -1 - -12 - (9 + 3)) + 22?
23
Evaluate 259 + -242 - (-57 + 35).
39
What is 1586 + -1680 + 1 + 12 - -1?
-80
(26 - 4) + 11 + 2 + -5
30
What is -150 - (-55 + (24 - 94))?
-25
What is -29 + -1 - (6655 - 6640)?
-45
Evaluate 12 - (26 - -6) - (-1 - 31).
12
Evaluate -17 + ((30 - 1) + (-622 - -606) - -31).
27
Calculate -176 + 92 - (5 - (-13 + 34 - 12)).
-80
What is the value of (-217 - (-496 - -227)) + 35 + -1?
86
What is 3012 - 3013 - (0 - 3 - (0 + 0 + 93))?
95
Calculate (-12 - -10) + (35 - 8 - ((6 - 5) + 2)).
22
5 + -70 - (88 - 169)
16
-9 + (7 - (-8 + 10)) + 34 + 8
38
What is 1 - 47 - (25 + 46 + -106)?
-11
Calculate 150 + -49 - (130 + -83).
54
Evaluate (2 + -6 - -67) + (1 - (7 + -14)).
71
What is the value of 19 + 3 + 12 + (-1 - 5)?
28
Calculate -8 + -1 - (-31 + -3 + 6 + -21 - 0).
40
Evaluate (-1 - -5) + (-18 - -94 - 69) - -16.
27
Calculate (-6 - (6 + 101 + -9)) + 3 + (-14 - -18).
-97
Calculate (-88 - (-16 + 5)) + (8 - (-12 + 13) - -8).
-62
-65 - (8 + -15 + 14) - (-5 - 7)
-60
What is 7 + (8 + 0 - (303 + -299))?
11
What is the value of (17 + -90 - -6) + (8 - -9)?
-50
What is the value of 5 - (-3 + 10 + -6 + -15 + 8 - -31)?
-20
What is 24 + -27 + 48 + -10?
35
What is the value of (-17 - -22) + (-40 - 10) - (-9 - 0)?
-36
What is the value of -5 + 16 - -21 - 40?
-8
Evaluate -5 + -9 + -5 + -3 + 7 + -14.
-29
-42 + -86 + 78 + 31
-19
What is (1274 - 1318) + (8 + -2 - (-1 - -1))?
-38
-25 - (0 + 4 + -2 + 4 + (-15 - -5))
-21
What is -8 + 11 + (2 - -5 - (-26 - -33) - 67)?
-64
-35 + -32 - -120 - 95
-42
Calculate -12 + 3 - ((12 - (-8 + 17)) + -2).
-10
18 - (-18 - (12 - (-16 + 2 + 22)))
40
Calculate 99 - (23 - 28 - (-7 + -18)).
79
Evaluate -23 + (-22 - -15) - (-8 - -4 - -1).
-27
-131 + (22 - (8 - 55))
-62
What is the value of (1 - (2 - (-11 - -9))) + -16?
-19
Calculate (1 + (3 - 0 - 8) - 5) + 3 - -4.
-2
Calculate -40 + -45 + (-63 - -127).
-21
Calculate -23 + 21 + -11 + -58 + -1 + 3.
-69
What is -16 + 72 - 67 - -33?
22
What is the value of 37 - ((-8 - -35 - 18) + -13 + -2)?
43
What is the value of (-13 + 19 + 10 + -16 - (0 + 3)) + -54?
-57
Calculate (-8 - (1 + 0) - (142 + -138)) + (-1 - 9).
-23
What is the value of 16 - -5 - (111 + (14 - -14) - 30)?
-88
What is (0 + -38 - -49) + 1 + (-128 - 3) + 13?
-106
What is the value of -11 - (-10 - (62 - 91))?
-30
What is the value of -27 + 42 + (-321 + 317 - (-1 + -7 + 0))?
19
What is the value of -2 + 4 - 0 - ((-5 - 5 - 18) + -6)?
36
What is (0 - -38) + 0 - ((26 - -24) + -4 + -36)?
28
Calculate 52 - (4 + (-17 - -15)) - 20 - 13.
17
Calculate -10 + (-3 - (-211 + 212 - (-1 + 15))).
0
Calculate 15 - (223 + -130 + (2 - 8 - -19)).
-91
Calculate 11 + (7 + 8 - (17 - 30 - -145)) + 14.
-92
(-1 - 114) + 22 + 1 + -35 + 5
-122
6 + ((-2 - -26) + -15 - -12)
27
Evaluate -7 + -8 + -1128 + 1217.
74
What is the value of -17 + -8 + -6 - 4 - (-4 - 6)?
-25
-22 - (36 - 38 - -8)
-28
-3 + -3 + 1 + 18 + -8 + -7
-2
Calculate 62 + -45 + 9 + -21.
5
-3 - (-28 + 9 - -10 - (-18 - 4))
-16
Calculate (-26 - -37 - 20) + 23 - 10.
4
-6 - 70 - (7 + (-3 - 15) - 3)
-62
What is the value of 20 - 62 - (-40 + 48)?
-50
21 - (-7 + 0 + 81 + -50)
-3
What is -77 + 75 - (0 - (-1 - 1)) - -12?
8
What is (90 - 29) + -32 + 20?
49
What is 14 + -16 + -63 + 46 + -31?
-50
What is the value of -5 + -1 + (126 - (-154 - -190))?
84
-575 + 553 - (26 - 0)
-48
Evaluate 130 - (115 + (-97 - -28)).
84
What is the value of -436 + 338 + 60 + -3?
-41
Calculate -157 + 355 + -262 + 0 + -14.
-78
What is the value of -20 - (23 + (20 - (-1 + 43)))?
-21
(-33 - (0 - -4)) + (22 + -19 - 4)
-38
Calculate -2 + -5 - (-27 - (3 + -7)) - (-6 - -2).
20
Calculate -149 + -21 + -12 + 232.
50
Evaluate 5 - (11 + ((1 - -2) + -4 - (-11 - -16))).
0
What is the value of 4 + -73 + -61 + 70?
-60
59 - (2 + -11 + 8 + -14 + 34)
40
What is the value of (0 - 63) + (-10 - ((18 - -16) + -41))?
-66
What is -26 - (-38 + (-11 - -31)) - -10?
2
Calculate (-9 - -11 - (12 + -17 + 44 + 0)) + 10.
-27
What is (-10 - -73 - -9) + (0 - (-4 + -11 + 23))?
64
What is the value of (-1 - -1) + 7 + -21 + (39 - 35)?
-10
Calculate 1 + -8 - (111 + (23 - 151)).
10
(-3 + -12 - -68) + -29 + 9
33
What is -57 - -1 - (-13 - (1 + 0) - (-3808 - -3795))?
-55
(-38 - -28) + 10 + 139
139
What is the value of (-52 - -73) + 10 + (-13 - -49)?
67
Calculate -6 + (-113 - -104) - 61.
-76
What is 9 + -5 - (90 + (-5 - 30))?
-51
1138 - 1151 - (13 + -3 - -3)
-26
Evaluate -65 + 37 + -9 + -27.
-64
What is 16 - (64 + -9 + -2) - 5?
-42
134 + -67 + 119 + -104
82
What is 10 - 54 - 6 - ((5 - 14) + -4)?
-37
-36 - (16 - 11 - (67 + -16))
10
Calculate -9 - 1 - (-4181 - -4146).
25
What is (-37 + 70 - (25 - 7)) + -35?
-20
What is (-65 - -1) + 21 - (6 - (8 - 5))?
-46
Calculate -24 + -15 + -22 + 34 + -65.
-92
What is 13 - (35 - (17 + 16) - -34)?
-23
Calculate 2 + -1 + (-35 + 19 - (-7 + 1)) + -116.
-125
Evaluate -30 - (0 - 1) - (107 + -59 + -57).
-20
-46 + 1 + (2905 - 2850)
10
Calculate -2006 - -1978 - (-1 + -7).
-20
Calculate -89 + 2 + -31 + 26 + 20 + 20.
-52
What is -48 + (-42 - -37 - -41) - (2 - (8 - -2))?
-4
What is the value of (-5 - (27 - -35)) + 14?
-53
What is 49 + -88 - (7 - (3 - 2))?
-45
What is -72 - -76 - (-10 + (67 - 8) + 